 the second derivative of g(o). What is i(s)?
1
Suppose 2*a - 2 = -0. Let v be ((-36)/(-30))/(2/5). Let b(k) = -4*k**2 + 2*k**3 + 3*k**2 + k**v + 2*k**2. Give b(a).
4
Let u(k) be the second derivative of -4*k - k**3 - 2*k**2 + 0 + 1/12*k**4. Calculate u(5).
-9
Let w(u) be the third derivative of -u**6/120 - u**5/20 - u**4/8 - u**2. Suppose -2*c + 3*c = -4. Let k = c + 2. What is w(k)?
2
Suppose -21 + 6 = -3*a. Let y(j) = -5*j**3 - 3*j**2 - 7*j + 14. Let q(z) = -3*z**3 - z**2 - 4*z + 7. Let u(h) = 7*q(h) - 4*y(h). Give u(a).
-7
Let v(h) be the second derivative of -h**3/3 - 3*h. Suppose 14 = 4*j - 0*j + 2*l, -5*l = -5*j - 20. What is v(j)?
-2
Let m(p) be the first derivative of 1/4*p**4 - p**2 + p**3 - p - 3. Give m(-4).
-9
Let y(b) = 5*b**2 - b + 2. Let l(k) = k**2 + k + 1. Let v(o) = 4*l(o) - y(o). Calculate v(4).
6
Suppose 0 = -3*n + 4*t + 2, 5*n = -2*t + 3*t + 9. Let g(m) be the third derivative of -1/3*m**3 - 1/12*m**4 + 2*m**n + 0*m + 0. Calculate g(-4).
6
Suppose 2*r = 3*r - 1. Let g be 6/(-4)*(3 - r). Let x(c) = -7*c**2 + 0*c + 3 - 2*c - c**3 + 3*c**2. What is x(g)?
0
Let a(h) = -5*h**2 + 8*h - 10. Let u(s) be the first derivative of -2*s**3/3 + 2*s**2 - 5*s - 2. Let l(r) = 3*a(r) - 7*u(r). Calculate l(-4).
5
Let p(s) be the third derivative of -7*s**5/60 - 14*s**2. Give p(1).
-7
Let b be 3/3 + (1 - 0). Let f(v) = 2*v**3 - 2*v**2 - 2*v + 2. Calculate f(b).
6
Let t(z) = z**2 + 5*z + 4. Let l be t(-5). Let n(u) = -3 - 4*u - 5 - 9 + 12 - u**3 + 5*u**2. What is n(l)?
-5
Suppose 3*c - 1 - 2 = 0. Let f(z) be the first derivative of -1/3*z**3 + z - c + 2*z**2. What is f(5)?
-4
Let z(r) be the third derivative of r**4/24 + 4*r**3/3 + r**2. Let c(v) = -25*v + 294. Let n be c(12). What is z(n)?
2
Let c(o) = 2*o + 3 - 3*o + 1. Let j(s) = 2*s**3 - s**2 - 2*s - 2. Let n be j(-1). Give c(n).
7
Let t(v) be the third derivative of v**5/60 + v**4/6 + v**3/2 + 2*v**2. Suppose 165 = 2*j + 3*j. Let a be j/(-12) + 1/(-4). Give t(a).
0
Let i(r) = 2*r. Let k be (-2 + -1)/(2/12). Let m be (-4)/k + (-20)/9. Let b = m + 3. Determine i(b).
2
Let z = 34 - 36. Let b(s) be the second derivative of -s**3/6 - s**2/2 + 2*s. Let y(q) = -2*q**2 + 4*q + 3. Let i(k) = -6*b(k) - y(k). What is i(z)?
7
Let h(p) = 0*p**2 - 7 + p**3 + 4*p**2 + 115*p - 123*p. Calculate h(-5).
8
Suppose 4*b = -2*y + 12, 0 = -0*y - 5*y + 3*b - 22. Let f(w) = w**3 - w. Calculate f(y).
-6
Let r be 4/18 + 112/(-18). Let z = r - -6. Let l(f) = 0 - f - 8 + z + 1. Give l(-5).
-2
Let i(b) = -b. Let h(f) = f**2 - 5*f + 4. Let n be h(4). Suppose n = 4*q, y - 3*q = -0*q + 3. Suppose 2*g = -7 - y. What is i(g)?
5
Let l be (-3)/(1/(3 - 2)). Let d(m) = -m**3 - 3*m**2 - 3. Calculate d(l).
-3
Let n be 6/9 + (-1 - (-40)/(-6)). Let a(r) = -r - 4. Calculate a(n).
3
Suppose -5*h - 2*a + 15 = 0, 2*h - 8*a = -3*a - 23. Let r be (-1)/1 + 0 + 4. Let v(o) = 9*o**2 + h - r*o + 0*o + o. Calculate v(1).
8
Let y(z) be the first derivative of 3*z**2 + 1/3*z**3 + 1 - z. Calculate y(-5).
-6
Let f(t) = 6*t**3 + 4*t**2 - t. Let u(h) = 31*h**3 + 21*h**2 - 5*h. Let m(c) = 11*f(c) - 2*u(c). What is m(1)?
5
Let x(q) = q**2 + 2. Let d be ((-1)/(2/(-10)))/1. Suppose -d*g = -2*g - 21. Let m = g - 9. Give x(m).
6
Suppose 25 = 5*i - q, -7 = -3*i - 2*q + q. Let w(c) = -c + 3. Calculate w(i).
-1
Let f(w) = -w + 6. Suppose -c + 5 = -t, 37 = 5*c - 0*c - t. Give f(c).
-2
Suppose -5*q + 3*q = -4*o + 20, 0 = -o + 3. Let p(n) = n**3 + n - 2 + n + 5*n**2 - 1. Calculate p(q).
5
Let w(a) = -a**2 - 7*a + 1. Let f be 2/3 - (-130)/(-15). Calculate w(f).
-7
Suppose -2*x = -3 - 7. Let n(o) = 5*o**2 + x - 3 - 2. Let l = 2 + -3. What is n(l)?
5
Suppose 4 = 3*m + 19. Let y(v) = v + 3. Give y(m).
-2
Let z(q) = q**2 + 6*q + 6. Let a = -3 + 8. Let m = a - 2. Let y be (0 + m)*10/(-6). Calculate z(y).
1
Let u(i) = 7*i - 6*i - 2*i. What is u(5)?
-5
Let q be (-6)/(-7) + 2/14. Let k(l) = -q + 5 - l**2 + 0 + 2*l + 4*l. Calculate k(6).
4
Let v(n) = -n. Let w be v(4). Let y(r) = -r - 2 + 2 + 3*r - 4 - 3*r**2 - r**3. Give y(w).
4
Let l(g) be the second derivative of g**3/6 - 3*g**2/2 + 9*g. Determine l(0).
-3
Let u(t) = 1. Let l(k) = k**2 - 2*k - 2. Let c(g) = -l(g) + 2*u(g). Determine c(4).
-4
Suppose -4*y - 21 = -1. Let f(g) = g + 10 - 6 + 3. Calculate f(y).
2
Let d = -2 + 5. Let w(j) = 3*j + j + d*j. What is w(1)?
7
Let c(l) = -3 + 7 + 0 - 1 - l. Suppose -5*i + 0*v + 14 = v, 2*i + 4*v = 2. Suppose -i*b = f - 3, b = -2*f + 5*b + 6. Calculate c(f).
0
Let m(l) = l - 2. Suppose 0 = 4*n + 3*d - 11, -6*n + 4*d = -n - 6. Let o be (20/(-8))/(n/(-4)). Give m(o).
3
Let a(h) = h - 4. Let d(m) = -m**3 + 4*m**2 - 4*m + 3. Let u(l) = 6*l**2 - 1. Let y be u(1). Let k be 2/(-4)*(-9 + y). Let p be d(k). Determine a(p).
-1
Suppose -5*n - 29 = 3*j + 11, 0 = -3*n + 3*j. Let x(m) = 3*m - 4 - 2*m + 8. Determine x(n).
-1
Let m(f) = f**3 + 4*f**2 + 2*f + 1. Let q(h) = h**2 + h - 3. Let x be q(-5). Let l(a) = 3*a**3 + 12*a**2 + 5*a + 4. Let u(d) = x*m(d) - 6*l(d). Calculate u(-5).
-2
Let m(d) = -d**2 + 3*d + 3. Let l be (392/(-24))/((-2)/(-6)). Let c = l - -27. Let u be 2/(-5) + c/(-5). Determine m(u).
-1
Let a(d) = d**3 - 7*d**2 + 7*d + 6. Let q be a(6). Let r(x) = -q*x - 6 + 6*x + 4*x. What is r(-4)?
2
Let o = 2 + 0. Let k be o/3*(-15)/(-5). Let r(q) be the first derivative of 2*q**3/3 - 2*q**2 + 2*q + 1. Give r(k).
2
Suppose 8 = -4*w + d, d - 6 + 22 = -4*w. Let n(z) = z + 1. Let r(t) = -t**2 + 3*t + 6. Let m(g) = -6*n(g) + r(g). Determine m(w).
0
Let y(w) be the first derivative of 4*w**3/3 + 3*w**2/2 + 3*w - 3. Let q(f) = -15*f**2 - 11*f - 11. Let u(v) = -6*q(v) - 22*y(v). Give u(-2).
8
Suppose -6*s + 3*s + 6 = 0. Let p(d) = -6 - s*d - 2*d**2 + d**2 - 5*d. Calculate p(-4).
6
Let k(j) = -8*j**3 - 2*j**2 + 2*j + 1 - 7*j + 5*j. What is k(1)?
-9
Let g = 27 - 26. Let r be (-5)/10*-14*g. Let q(o) = -o + 1. Give q(r).
-6
Let i(b) be the second derivative of b**5/4 + b**4/12 + b**3/3 + b**2/2 - 2*b. What is i(-1)?
-5
Let z(j) = -j. Let o(s) = -11*s**3 + s**2 + 7*s - 1. Let v(y) = o(y) + 6*z(y). Let p be 3/5 - 2/(-5). Give v(p).
-10
Suppose g = 2*l, -l = -g - 2*g. Let w(u) = 1 - 7*u - 5*u**2 + 2 - u**3 + 11*u**2 + g*u**3. Let v be -2 + 3*3 + -2. What is w(v)?
-7
Let r(h) = h**3 - 3*h**2 + 2*h. Let w be 2/(-3 + (-33)/(-9)). Determine r(w).
6
Let g(q) = -1 + 0 + 7 + 0*q + 2*q. Determine g(-4).
-2
Let z be (-6 + 4)*2/1. Let x(k) be the second derivative of 0 - 2*k - 1/12*k**4 - k**3 - 1/2*k**2. What is x(z)?
7
Let s(t) = t**2 + 2. Let k be s(2). Let p(q) = 3*q**2 - 4*q**2 + 61*q - 62*q + k. Let v be (0 - 2 - -2) + 0. Give p(v).
6
Suppose 0*a - 3*r = -a - 7, 3*a + r = 9. Let x(s) = 8 - 4 - 7*s**2 + 4*s + 8*s**a. Suppose 4*g = -5 - 7. Give x(g).
1
Suppose 0 = -5*u + 3*b + 7, -u - b = -2*u + 3. Suppose w - 10 = -4*w. Let n(t) = -3*t**w + 2*t - 5*t**2 + 1 + 2*t**2. What is n(u)?
-7
Let f(q) be the second derivative of -q**6/180 - 7*q**5/120 - q**4/4 - 2*q**3/3 + 2*q. Let b(k) be the second derivative of f(k). Calculate b(-4).
-10
Let t(f) = -3*f**2 - 3*f - 3 + 0*f**2 - 8*f + 6*f + f**3. Give t(4).
-7
Let f(h) = -13*h + 1. Suppose -26*i - 1 = -27*i. Calculate f(i).
-12
Let l(k) = k**2 + 3*k - 10. Let a be ((-2)/3)/(1/84*8). What is l(a)?
18
Let q(u) = -12*u - 1. Let f(z) = 11*z + 1. Let i(w) = 5*f(w) + 6*q(w). Determine i(-1).
16
Let d(k) = 1 + 0*k + k**2 - k - 2 + 2*k. Suppose 0 = 5*g - 4*x - 3, 5*x - 16 = -1. Let m = g - 6. Calculate d(m).
5
Let j be (-2 + 2)/(-3) - -2. Let c be 6/8*(j - -2). Let o(y) = -y**2 + 2*y - 1. Calculate o(c).
-4
Suppose -3*a = -w - 10, -3 = -4*a - 3*w + 6. Let y(l) be the second derivative of 2*l + 0 + a*l**2 - 1/6*l**3. Determine y(0).
6
Let t = -3 + 1. Let l be (8*(-1)/t)/2. Let q(x) = l + x - 4 + 1 - 3. Calculate q(-3).
-7
Let r be (-1 + (-30)/(-3))*3. Suppose -r = -4*h - 3. Let o(d) = d**2 - 6*d - 7. Give o(h).
-7
Let y = -9 - -17. Suppose 2*t + y = -0*t. Let m(r) = r**2 + 7*r + 5. Give m(t).
-7
Let k(a) = -2*a**3 + 3*a**2 - a - 2. Let f = 2 + -2. Suppose f*z = -z. Suppose 4*d + 0*d - 8 = z. Determine k(d).
-8
Let x(f) = f**3 - 6*f**2 + 6*f. Suppose 4*k - 5 = 3*k. Determine x(k).
5
Suppose 3*x + 9 = 0, x = 3*i - x + 12. Let n(d) = -2*d. Determine n(i).
12
Let p(j) = -j - 2. Suppose -2 = -u, 3*v - 4*u - 44 = -5*u. Suppose -4 = 3*y + v. What is p(y)?
4
Let u be 5/(10/